t s(d) be the third derivative of v(d). Let f = 3 - 6. Give s(f).
-4
Let o(v) = -v - 1. Let r(y) = 10*y + 8. Let j(f) = 3*o(f) + r(f). Let b(k) = 3*k + 2. Let c(g) = -13*b(g) + 6*j(g). Suppose -4 = 2*x + 2. What is c(x)?
-5
Let v be -2 - (-2 + 0 + -1). Let y(l) = -3*l**2 + l - 1. Give y(v).
-3
Let f(h) = h - 1. Let l = 15 + -21. Let x be ((-10)/(-15))/((-4)/l). Determine f(x).
0
Let s(d) = -d**2 - 5*d - 4. Let z be s(-3). Let m(q) = q - 1 + z*q - 7*q. Let t = -4 - -5. What is m(t)?
-5
Let j(o) = 6*o**2 + 0 + 0 - o**3 + 9*o - 5 + 1. Let v be j(7). Suppose v - 1 = w - 4*g, w = g. Let u(i) = i**2 + 2*i. What is u(w)?
3
Suppose 4*m - 5*q + 0*q = 37, 3*m = -3*q - 6. Suppose 5 + 1 = m*x. Let p(i) = -i + 1. Give p(x).
-1
Suppose -5 = -5*v + 3*u, -2*v - 5*u - 19 = -5*v. Let x(i) = i**3 + 3*i**2 - 2. Calculate x(v).
2
Let t(u) = -u**2 + 6. Let j = 8 + -8. Give t(j).
6
Suppose -2*b = 5 + 1. Let y(g) = g**3 - g**2 - g + 1. Let w(i) be the first derivative of i**4 - 7*i**3/3 + 7*i - 2. Let k(c) = b*y(c) + w(c). Calculate k(3).
4
Let j(p) = 4*p**2 - 3*p**2 + 6*p + 0*p - 6. Give j(-6).
-6
Let l(y) = -15*y + 1. Let j(c) = -8*c. Let k(d) = -5*j(d) + 3*l(d). Calculate k(3).
-12
Let o(l) be the second derivative of l**3/3 - l**2/2 - 5*l + 1. Calculate o(6).
11
Let i(f) = -4*f**2 - 4*f - 3. Suppose -h + 8 = -5*h. What is i(h)?
-11
Suppose -u + 0 = -2. Let h(d) = u*d + 0*d + 0*d - 5. Calculate h(6).
7
Let k(j) = -j + 4. Let g(l) = 1. Let d(p) = -4*g(p) + k(p). Let z(w) = w**3 + 5*w**2 - 13*w + 4. Let b be z(-7). Calculate d(b).
3
Suppose 2*m - 24 = -2*u + 10, u = m - 7. Let y = -8 + m. Let q(w) = -w**3 + 6*w**2 - 6*w + 5. Determine q(y).
13
Let g(h) = -2*h**2 - 4*h - 1. Let i(v) = v**2 + 3*v + 1. Let b(s) = 2*g(s) + 3*i(s). Calculate b(0).
1
Let a(p) be the first derivative of -p**3/3 - 9*p**2/2 + 11*p - 35. Calculate a(-9).
11
Let b(m) be the second derivative of -m**4/4 + m**3/2 + 3*m**2/2 - 9*m. Give b(-2).
-15
Let n(d) = d - d**2 - d**3 + 6 + d**2. Let i(f) = f**3 + 13*f**2 + 11*f - 7. Let g be i(-12). Let a be (g - 5)/(-3 - -5). Calculate n(a).
6
Let h(v) = -4 + 11*v - 9*v + 2 - v**2 + 3*v**2. Let w be 3/(((-15)/2)/5). Give h(w).
2
Let o(t) = t**3 + 5*t**2 - t - 2. Let l be o(-5). Suppose -l = -m - 5. Let i(a) = -3*a**2 - 2*a + 1. Give i(m).
-7
Let a be (-8)/3*9/(-6). Let z(s) = -5*s + a*s + 2*s**2 - 8*s**2. Suppose 23*l - 26*l + 3 = 0. Calculate z(l).
-7
Let m(q) be the first derivative of q**2 - 2/3*q**3 + 0*q - 1. Determine m(2).
-4
Let m(g) = -2*g - g**2 - 4 - g - 3*g. What is m(-5)?
1
Let f = 5 + -4. Suppose -4 = u + f. Let r(i) be the second derivative of i**3/6 - i**2/2 - i. Determine r(u).
-6
Let z(p) = 12*p**2 + p. Let a be (-2 + 1)/((-1)/(-8)). Let b(k) = k**3 + 9*k**2 + 8*k + 1. Let o be b(a). Calculate z(o).
13
Let q(z) = z**2 + 7*z - 3. Suppose 5 = -2*g - 7. Determine q(g).
-9
Suppose -6*z + 4 = -2*z. Let p = 3 - z. Let m(o) = 2 - 3 - p*o**2 + 6*o**2. Give m(-1).
3
Let k(y) = -y**3 + 6*y**2 + 7*y. Let w(s) = -s**3 + s**2 + s - 1. Let b(q) = k(q) - 2*w(q). Calculate b(-3).
-4
Let p(u) be the first derivative of u**3/3 - u**2/2 - 5*u - 42. What is p(0)?
-5
Let y(j) = j**3 + j**2 + j. Let i(n) = -3*n**3 + 2*n**2 + 4*n + 1. Let a(t) = i(t) + 2*y(t). Let h = -4 - -9. Calculate a(h).
6
Let s be (-5)/(-15) - (-50)/3. Suppose 0 = -5*n - 3*o - 23, o = -6*n + 2*n - s. Let i(g) = 2*g + 4. Determine i(n).
-4
Let g(o) = -o - 3. Let q = 9 - 6. Let c = q + -1. Let u be (1/((-3)/(-18)))/c. Determine g(u).
-6
Let z(p) = p**2 + p - 8. Let t = 41 - 41. Give z(t).
-8
Let j(q) = 6*q**2 + 11*q - 4. Let p(f) = -7*f**2 - 12*f + 4. Let c(t) = 6*j(t) + 5*p(t). Determine c(-5).
-9
Let g(o) = o + 5. Let w = 4 + -4. Suppose w = 2*x + 2*x, 4*d = -3*x - 16. Calculate g(d).
1
Let s(v) = v**2 - 2*v - 7. Let a be s(-3). Suppose -3*i = -5*n - 30, a*i - 34 = 3*i + 3*n. Let k(z) = -z**3 + 5*z**2 + 5. Determine k(i).
5
Let n(m) be the third derivative of 3/2*m**3 + 3/8*m**4 + 1/60*m**5 + 0 + 0*m - 3*m**2. What is n(-6)?
-9
Let u(t) be the third derivative of -t**6/120 - t**5/30 + t**4/12 + t**3/6 - 24*t**2. Calculate u(2).
-11
Let q(p) = -p**2 - 6*p - 6. Suppose -g - 2*g = 5*v + 28, 2*g = -v - 14. Calculate q(g).
-6
Let p(j) = 4*j**2 - 2*j - 1. Let m = -24 + 32. Let t be (-3)/(-2) + 2/4. Let y be -2*2/m*t. Determine p(y).
5
Let m be (-48)/(-21) - (-2)/(-7). Suppose t - 4 = -m, 5*d + 3*t = 21. Suppose 0 = f - d*u - 7, 2*f + 0*u = u - 1. Let a(q) = q**3 - 2*q + 1. Calculate a(f).
-3
Suppose 0 = 2*f + 22 - 4. Let b = f - -2. Let x(y) = 3*y**3 + 10*y**2 - 4*y - 7. Let q(v) = -v**3 - 3*v**2 + v + 2. Let o(j) = b*q(j) - 2*x(j). What is o(-2)?
-6
Let d(c) = -391*c + 69. Let x(r) = 23*r - 4. Let j(p) = 4*d(p) + 69*x(p). Give j(-1).
-23
Let o(j) = -65 + 34 + 33 + 2*j. Give o(4).
10
Let o(w) be the third derivative of 0*w + 4*w**2 + 0 + 5/24*w**4 + 0*w**3. Calculate o(2).
10
Let y = -17 + 22. Let u(r) be the second derivative of -r**5/20 + r**4/3 + r**3 - 2*r**2 - 2*r. Give u(y).
1
Let s = -18 + 9. Let r = -11 - s. Let w(h) = -2*h**2 + 2*h + 3. Give w(r).
-9
Let t(z) = -z**3 + 4*z**2 + 4*z - 2. Suppose -2*i + 7 = 3*a, -5*i = -6*a + 2*a + 40. What is t(a)?
-7
Let a(n) = 0*n**3 - 6*n + 0*n**3 - 22*n**2 - 3 + 26*n**2 + n**3. Give a(-4).
21
Let o be (1 - ((-10)/(-4))/5)*-2. Let a(j) = j**3 - j**2 - j. Calculate a(o).
-1
Suppose 5*y = 6*y - 4. Suppose y = 3*k - 5. Let w(d) = -2*d**2 + 4*d - 2. Determine w(k).
-8
Let k(o) = -5*o + 2. Suppose 0*l - 2*l = 5*y - 24, 5*l - 14 = -y. Give k(l).
-8
Let q(x) be the second derivative of x**4/12 - x**3/6 - 2*x**2 - 8*x. Give q(4).
8
Let a(u) = u**3 + 5*u**2 + 3*u - 4. Let m be 1/((-4)/(-12)) - 7. What is a(m)?
0
Let o = 12 - 12. Suppose -4*g = -5*y + 3 - 1, -g - y = -4. Let i(n) = n + 6*n**2 + 4 - 7*n**2 + g*n**2. Give i(o).
4
Let j(v) = -9 + 2 + 2*v - 3*v. Let d = 24 - 14. Suppose 6*o - o - d = 3*c, 0 = -c - 3*o + 6. Calculate j(c).
-7
Let x be -13 + 12 + (5 - 1). Let t(w) = 5*w - 10. Let l(u) = -6*u + 11. Let q(f) = x*l(f) + 4*t(f). Calculate q(5).
3
Let n(s) = -2*s**3 + s**3 - 2 - s + 2*s**3 + 2*s. Let c be 2/(-4)*(-14 - -14). Give n(c).
-2
Let k be (2 + -5)*(-8)/6. Let o be 4/8 + 1/2. Let g(t) = -t**3 - t**2 + 1. Let z(i) = -6*i**3 - 3*i + 1. Let l(m) = o*z(m) - 5*g(m). Give l(k).
0
Let n = -33 + 33. Let m(i) = -i**3 + i + 7. Give m(n).
7
Let z(t) = t**3 + 4*t**2 + 4*t. Let g(l) = l - 3. Let y be 1 + (-2)/(-4)*-2. Let c be g(y). Give z(c).
-3
Let b(s) = s**2 + 5*s - 3. Let z(x) = 3*x + 16. Let w be z(-7). Calculate b(w).
-3
Suppose 0 = 4*a + a - 15. Suppose a*b = 6 - 0. Let w(g) = g**3 - 2*g**2 + 4*g - 3. Give w(b).
5
Let v = 12 + -12. Let c(p) = p**3 + v*p - 4*p**2 + 2*p - 1 - 2*p. Determine c(3).
-10
Suppose -6 - 9 = -5*p. Let h(a) = -2 + 0*a + 5 - 3*a + p*a**2. Determine h(2).
9
Let x = 6 - 3. Let w(u) = -3 - x*u + 3*u + 0*u - u. What is w(-2)?
-1
Let x(r) = -5*r**2 + 14*r - 22. Let j(h) = -4*h**2 + 14*h - 21. Let m(y) = -4*j(y) + 3*x(y). Let s be m(13). Let z(f) = -f**3 + 4*f**2 + 5*f - 1. What is z(s)?
-1
Let m(g) = g**2 + 3*g - 6. Suppose 0*k + 3*k = 48. Suppose n + 4*o - 7 + 5 = 0, 0 = -3*n - o - k. What is m(n)?
12
Let i be 2 - (-1 + 4 + -3). Let b(x) = -2 - 1 + 2*x - x - x**i + x. Calculate b(2).
-3
Let o(x) = -2*x**3 + 6*x**2 - 8 + x**3 + 0. Give o(6).
-8
Let k(z) = 0 + z**3 + 41*z**2 + 1 - 3*z - 38*z**2. What is k(-4)?
-3
Let f(r) be the first derivative of r**3/3 - r**2 - 5*r + 1. Determine f(5).
10
Let y(f) be the third derivative of f**8/6720 - f**7/630 - f**5/30 + f**4/3 - 5*f**2. Let a(p) be the second derivative of y(p). What is a(4)?
-4
Let t(y) = -y**2 - 7*y - 9. Let o = 24 - 30. Determine t(o).
-3
Let u(y) = y**3 - y**2 - y + 4. Let m = 96 + -96. What is u(m)?
4
Let o(z) = -2*z**2 - 4*z + 3. Let c(a) = 2*a**3 - 3*a**2 - 2*a - 1. Let t be c(-1). Calculate o(t).
-13
Let g be 0/(-3 + 2 - 1). Let s(j) be the second derivative of j**4/12 - j**2 + 7*j. Determine s(g).
-2
Let j(s) = s**2 - 10*s + 2. Let n(o) = 8*o**2 + 3*o + 4. Let p be n(-1). Determine j(p).
-7
Let n(y) = -y - 55 + 29 + 26 - 7*y**3. Let s(u) = u**3 - 4*u**2 - 8*u + 7. Let o be s(5). Let z be 6/o - 2/8. What is n(z)?
8
Let r(d) = d**3 + 2*d**2 - 3*d + 4. Let p(s) be the second derivative of s**4/12 + s**3 + s**2 + s. Let z be p(-5). Give r(z).
4
Let s(m) = -m**2 + m - 8